 + 8*m**2 + 62*m - 434. Calculate s(6).
10
Let l(g) = -g**2 + 22*g - 6. Calculate l(3).
51
Let g(a) = 72*a + 6193. Give g(-87).
-71
Let j(y) = y**3 + 4*y**2 + 12*y - 12. What is j(-5)?
-97
Let a(u) = -80*u + 8. What is a(3)?
-232
Let d(x) = 3*x**2 + 3*x - 10. Calculate d(8).
206
Let r(x) = x**3 + 11*x**2 - 15*x - 151. Give r(-11).
14
Let h(d) = -400*d + 30416. Determine h(76).
16
Let a(p) = p**2 + 134*p - 8242. What is a(46)?
38
Let a(u) = 2*u**3 + 9*u**2 - 33*u - 153. Give a(-4).
-5
Let z(o) = 150*o + 188. Determine z(-5).
-562
Let r(y) = 9*y - 35. What is r(0)?
-35
Let k(r) = -r**3 - 94*r**2 - 367*r - 608. Calculate k(-90).
22
Let j(k) = 3*k**3 + 398*k**2 + 1039*k - 172. Calculate j(-130).
-42
Let f(k) = -k**3 + 7*k**2 - 4. Calculate f(10).
-304
Let a(v) = -v**3 - 16*v**2 + 19*v + 39. Calculate a(-9).
-699
Let w(s) = 58*s + 49. Determine w(0).
49
Let f(i) = -4*i**2 + 9*i + 84. Determine f(11).
-301
Let d(u) = 6*u**2 - 9*u - 1488. Give d(-15).
-3
Let p(z) = -106*z**2 + 5*z - 6. Determine p(2).
-420
Let j(v) = -v**3 - 8*v**2 + 88*v + 9. Give j(-14).
-47
Let y(j) = 90*j**2 - 349*j - 44. Determine y(4).
0
Let y(g) = g**2 - 21*g + 10. Calculate y(24).
82
Let f(x) = x**2 + 22*x - 89. Give f(-15).
-194
Let x(p) = -99*p**3 + 4*p**2 - 5*p - 9. Give x(-1).
99
Let s(g) = g**2 - 42*g - 141. What is s(36)?
-357
Let a(k) = -36*k - 194. What is a(-13)?
274
Let j(t) = t**2 + 6*t - 44. What is j(-10)?
-4
Let t(a) = 420*a + 11758. Determine t(-28).
-2
Let a(q) = -14*q**2 + 457*q + 71. Give a(34).
-575
Let c(k) = -68*k + 129. Calculate c(2).
-7
Let k(p) = -4*p**2 - 47*p - 99. Calculate k(-15).
-294
Let k(w) = w**3 + w**2 - 7*w + 5. Determine k(1).
0
Let m(i) = -25*i**2 + 576*i - 15. Give m(23).
8
Let m(x) = -28*x**2 + 278*x + 551. Give m(-2).
-117
Let a(l) = -l**2 - 300*l - 11034. Determine a(-43).
17
Let x(c) = c**3 + 126*c**2 + 3922*c - 761. Calculate x(-69).
-2
Let t(u) = -5*u**2 + 165*u - 529. What is t(29)?
51
Let r(x) = 2*x**2 + 102*x - 851. Calculate r(7).
-39
Let n(g) = -g**2 - 28*g - 79. Determine n(-15).
116
Let d(j) = 224*j - 2373. Determine d(10).
-133
Let p(z) = 3*z**3 + 10*z**2 + 2*z - 9. What is p(-2)?
3
Let s(q) = q**3 + 14*q**2 - 429*q - 82. What is s(15)?
8
Let n(d) = -d**2 - 140*d + 1488. Determine n(10).
-12
Let x(n) = -5*n**2 + 2*n + 84. What is x(-4)?
-4
Let n(q) = 207*q + 2469. Determine n(-12).
-15
Let m(i) = -i**2 - 15478*i - 10. What is m(0)?
-10
Let g(f) = 9*f**3 - 3*f**2 - 15*f - 11. Give g(-1).
-8
Let w(r) = -60*r**2 + 159*r + 7. What is w(2)?
85
Let a(d) = -9*d - 560. Give a(-62).
-2
Let q(h) = 2325*h + 11640. Calculate q(-5).
15
Let t(p) = 635*p + 1271. Calculate t(-2).
1
Let y(l) = -l**3 - 21*l**2 + 7*l + 103. Determine y(-21).
-44
Let w(i) = 2472*i + 66743. What is w(-27)?
-1
Let x(q) = -20*q - 113. What is x(-7)?
27
Let j(l) = l**3 + 15*l**2 + 3. Give j(-15).
3
Let q(a) = -238*a + 5215. Calculate q(22).
-21
Let b(x) = -41*x**2 - 275*x + 16. What is b(-7)?
-68
Let c(a) = a**2 - 76*a + 14. Give c(72).
-274
Let w(c) = -c**3 + 11*c**2 - 17*c + 162. Calculate w(11).
-25
Let a(p) = 394*p + 9218. Give a(-23).
156
Let n(t) = 493*t**2 - 980*t - 6. Calculate n(2).
6
Let d(u) = -3*u**2 + 107*u - 65. What is d(35)?
5
Let u(c) = 143*c + 3342. Give u(-24).
-90
Let q(g) = 21*g**2 + 41*g + 6. Calculate q(-2).
8
Let i(j) = -12090*j - 36273. Give i(-3).
-3
Let u(f) = f**3 + 4*f**2 - 7*f + 68. What is u(0)?
68
Let u(k) = -k**3 + 30*k**2 - 40*k + 315. Give u(29).
-4
Let v(w) = 2*w**2 + 44*w + 129. What is v(-5)?
-41
Let y(x) = 17*x - 466. What is y(15)?
-211
Let p(x) = -18*x + 258. What is p(16)?
-30
Let j(o) = o**2 - 17*o - 109. Calculate j(18).
-91
Let a(y) = -2*y**3 + 14*y**2 + 6*y - 19. Calculate a(6).
89
Let u(b) = b**3 + 23*b**2 + 4*b + 20. What is u(-23)?
-72
Let c(d) = -d**3 - 139*d**2 - 267*d + 957. What is c(-137)?
-2
Let p(y) = -214*y + 879. Determine p(4).
23
Let y(j) = -2*j**3 + 17*j**2 - 24*j - 7. Determine y(7).
-28
Let w(p) = p**3 + 23*p**2 + 112*p - 240. What is w(-12)?
0
Let q(l) = -l**3 + 31*l**2 + 67*l - 69. Give q(33).
-36
Let x(z) = 270*z + 1617. Determine x(-6).
-3
Let z(k) = -14*k + 417. Give z(32).
-31
Let o(a) = -a**3 - a**2 - 3*a - 252. What is o(0)?
-252
Let z(q) = -q**3 + 13*q**2 + 44*q + 24. Determine z(16).
-40
Let u(m) = -3*m**2 - 98*m - 709. Give u(-20).
51
Let l(m) = m**2 - 28*m - 761. Determine l(-17).
4
Let y(u) = 16490*u - 49470. Determine y(3).
0
Let g(u) = 2*u**3 - 46*u**2 - 56*u + 194. What is g(24)?
2
Let a(q) = 22*q**3 + 378*q**2 + 73*q + 79. Give a(-17).
-6
Let c(m) = -26*m - 268. What is c(-11)?
18
Let l(j) = 2*j**3 - 68*j**2 - 16*j - 1894. Give l(35).
-4
Let a(c) = 100*c + 180. Calculate a(-2).
-20
Let x(n) = -16*n**2 - 6*n - 25. Give x(-3).
-151
Let k(i) = 2*i**3 + 5*i**2 - 11*i + 13. What is k(-5)?
-57
Let b(x) = -2*x**2 + 121*x - 552. What is b(5)?
3
Let g(a) = -a**3 - 11*a**2 - 3*a - 114. Determine g(-11).
-81
Let s(l) = -20*l - 1125. Determine s(-57).
15
Let y(r) = -2*r**2 - 5*r + 18. Calculate y(-7).
-45
Let i(u) = 332*u**2 - 14617*u + 389. Calculate i(44).
-7
Let o(a) = -a**3 + a**2 + 19*a + 59. What is o(-7)?
318
Let d(s) = -128*s + 14. What is d(1)?
-114
Let d(v) = -39*v - 866. Calculate d(-22).
-8
Let g(j) = j**3 - 16*j**2 + 19*j - 299. Calculate g(16).
5
Let q(d) = -3*d**2 - 61*d - 255. Determine q(-15).
-15
Let z(n) = -n**3 + 83*n**2 - 388*n - 223. Calculate z(78).
-67
Let f(n) = -5*n**3 + 28*n**2 - 34*n + 108. What is f(5)?
13
Let j(g) = -g**3 + 3*g**2 - g + 18. Determine j(5).
-37
Let n(f) = 47*f + 2948. What is n(-63)?
-13
Let r(p) = p**2 + 608*p + 1205. Calculate r(-2).
-7
Let o(i) = -2*i**3 - 30*i**2 + 643*i + 60. What is o(12)?
0
Let p(h) = -h**3 - 107*h**2 + 548*h - 1330. Give p(-112).
14
Let r(i) = 32*i + 7390. What is r(-231)?
-2
Let j(d) = -d**3 + 21*d**2 + 76*d - 29. What is j(24)?
67
Let m(s) = s**3 - 74*s**2 + 1336*s + 348. Calculate m(42).
12
Let d(y) = y**3 + 32*y**2 - 50*y - 572. What is d(-33)?
-11
Let f(k) = 4*k**2 + 38*k + 65. Calculate f(-4).
-23
Let x(p) = p**2 + 14*p - 815. Give x(24).
97
Let b(p) = p**2 - 12*p - 206. Give b(20).
-46
Let t(y) = -y**3 + 78*y**2 + 243*y + 23. Calculate t(81).
23
Let y(m) = -m**3 + 19*m**2 - 110*m + 409. Give y(13).
-7
Let b(c) = 2365*c - 18923. Give b(8).
-3
Let w(s) = 114*s + 1502. Give w(-13).
20
Let a(w) = -201*w + 11865. Determine a(59).
6
Let x(b) = 4*b**2 + 213*b - 21. What is x(-53)?
-74
Let r(w) = 54*w + 92. Give r(-2).
-16
Let k(v) = -v**3 - 5*v**2 + 415*v + 2413. Determine k(-6).
-41
Let y(f) = f**3 - 52*f**2 + 388*f - 36. Give y(43).
7
Let a(p) = 2*p**2 - 99*p - 39. Calculate a(50).
11
Let b(a) = a**3 - 12*a**2 - 23*a + 23. What is b(14)?
93
Let u(v) = -298*v**3 - 10*v**2 + 8*v + 1. Determine u(1).
-299
Let d(z) = -214*z + 636. Determine d(3).
-6
Let f(i) = -1098*i - 150432. Calculate f(-137).
-6
Let j(n) = 2*n**2 + 14*n - 7. What is j(2)?
29
Let o(t) = 128*t**3 - t**2 + 5*t - 4. What is o(1)?
128
Let a(n) = n**3 + 24*n**2 - 78*n - 2689. Determine a(-22).
-5
Let w(q) = -132*q + 647. Calculate w(5).
-13
Let f(o) = -19*o**2 - 214*o - 6. Give f(0).
-6
Let d(r) = -r**3 - 58*r**2 + 62*r + 156. Give d(-59).
-21
Let g(t) = -t**2 + 386*t - 1909. Calculate g(5).
-4
Let i(b) = -20*b - 1084. Determine i(-66).
236
Let m(k) = 5*k - 72. What is m(41)?
133
Let k(j) = j**3 - 30*j**2 - 35*j - 50. Give k(31).
-174
Let g(i) = -111*i**2 - 2007*i - 200. Determine g(-18).
-38
Let z(f) = -10209*f - 61244. Give z(-6).
10
Let g(j) = 2*j**3 - 276*j + 798. Give g(3).
24
Let j(k) = 2*k**2 - 43*k - 327. Give j(-7).
72
Let t(v) = -v**3 + 71*v**2 - 882*v + 134. Calculate t(55).
24
Let t(z) = -2881*z - 14392. Give t(-5).
13
Let u(h) = -h**3 - 8*h**2 + 242*h + 37. Determine u(-20).
-3
Let i(s) = -111*s - 167. Determine i(-2).
55
Let s(w) = 434*w - 4348. Calculate s(10).
-8
Let t(x) = -74*x**2 - 5*x + 10. Calculate t(1).
-69
Let z(b) = b**3 - 62*b**2 + 57*b - 136. Give z(61).
-380
Let p(n) = -9548*n - 47787. Give p(-5).
-47
Let h(p) = -p**3 + 12*p**2 - 8*p + 197. Determine h(13).
-76
Let f(l) = l**3 + 65*l**2 + 17*l + 1126. Give f(-65).
21
Let h(s) = -s**3 - 8*s**2 - 4*s - 49. Give h(-8).
-17
Let w(b) = 47*b - 3236. What is w(69)?
7
Let t(g) = 2*g**2 - 192*g - 5206. Calculate t(118).
-14
Let k(u) = -u**2 + 68*u - 4. What is k(56)?
668
Let s(t) = -79*t + 2